a multiple of 132?
True
Is 1717 a multiple of 37?
False
Is 69 even?
False
Is 179677 a multiple of 164?
False
Does 4 divide 708?
True
Is 21 a factor of 14553?
True
Is 19451 a multiple of 11?
False
Does 38 divide 76?
True
Is 18 a factor of 459?
False
Is 95364 a multiple of 27?
True
Is 5 a factor of 2277?
False
Does 14 divide 4415?
False
Is 23706 a multiple of 201?
False
Is 83 a factor of 1079?
True
Is 146 a factor of 2245?
False
Is 4824 a multiple of 8?
True
Is 19 a factor of 14079?
True
Is 30 a factor of 4036?
False
Is 40 a factor of 16877?
False
Does 4 divide 1679?
False
Is 1591 a multiple of 37?
True
Does 11 divide 47751?
True
Is 89 a factor of 6796?
False
Is 3 a factor of 219?
True
Is 19249 a multiple of 23?
False
Does 13 divide 5667?
False
Is 21 a factor of 7077?
True
Is 429 a multiple of 20?
False
Is 8 a factor of 2288?
True
Is 5648 a multiple of 5?
False
Is 8 a factor of 35639?
False
Is 6080 a multiple of 40?
True
Does 22 divide 2052?
False
Is 89 a factor of 10710?
False
Is 10 a factor of 150?
True
Does 16 divide 609?
False
Is 94 a factor of 36660?
True
Is 8 a factor of 592?
True
Does 140 divide 16221?
False
Is 792 a multiple of 8?
True
Is 7 a factor of 427?
True
Is 14524 a multiple of 37?
False
Is 498 a multiple of 6?
True
Is 12 a factor of 157680?
True
Is 114 a factor of 2508?
True
Does 5 divide 235?
True
Does 92 divide 1925?
False
Is 6 a factor of 1177?
False
Is 51 a factor of 7662?
False
Is 3966 a multiple of 3?
True
Is 9 a factor of 242?
False
Does 19 divide 2063?
False
Is 1077 a multiple of 54?
False
Is 2 a factor of 75?
False
Is 59 a factor of 1770?
True
Is 39 a factor of 390?
True
Does 14 divide 1884?
False
Is 47 a factor of 5400?
False
Is 2472 a multiple of 12?
True
Is 864 a multiple of 12?
True
Does 38 divide 933?
False
Is 41 a factor of 82?
True
Is 4 a factor of 203?
False
Does 88 divide 12232?
True
Does 51 divide 459?
True
Does 2 divide 57?
False
Does 10 divide 5250?
True
Is 27 a factor of 2484?
True
Is 46 a factor of 506?
True
Does 91 divide 18285?
False
Does 2 divide 2518?
True
Does 13 divide 37778?
True
Is 1131 a multiple of 13?
True
Is 1738 a multiple of 94?
False
Does 16 divide 327?
False
Is 3008 a multiple of 32?
True
Is 4 a factor of 6984?
True
Does 293 divide 37215?
False
Is 9 a factor of 5220?
True
Is 26 a factor of 138?
False
Is 32 a factor of 7200?
True
Does 46 divide 1834?
False
Does 48 divide 1968?
True
Does 15 divide 465?
True
Does 21 divide 11677?
False
Does 70 divide 4270?
True
Is 118 a factor of 27612?
True
Is 10277 a multiple of 43?
True
Is 15 a factor of 161220?
True
Does 3 divide 2409?
True
Is 3136 a multiple of 28?
True
Does 5 divide 4396?
False
Is 124685 a multiple of 179?
False
Does 13 divide 708?
False
Is 9 a factor of 1143?
True
Is 109975 a multiple of 17?
False
Is 127036 a multiple of 28?
True
Is 19 a factor of 7049?
True
Is 50 a factor of 6600?
True
Is 44478 a multiple of 42?
True
Is 21 a factor of 315?
True
Does 5 divide 1277?
False
Is 88 a factor of 5016?
True
Is 13665 a multiple of 156?
False
Does 16 divide 3453?
False
Is 42 a multiple of 7?
True
Does 119 divide 11067?
True
Does 66 divide 48312?
True
Is 2 a factor of 896?
True
Is 88 a factor of 313?
False
Is 3 a factor of 1969?
False
Is 2673 a multiple of 11?
True
Is 42897 a multiple of 146?
False
Is 107130 a multiple of 6?
True
Is 6910 a multiple of 59?
False
Is 437 a multiple of 3?
False
Is 7 a factor of 13499?
False
Is 151 a factor of 31590?
False
Is 8225 a multiple of 235?
True
Is 145 a multiple of 5?
True
Is 8 a factor of 3471?
False
Is 13 a multiple of 5?
False
Is 469 a multiple of 46?
False
Does 10 divide 1970?
True
Is 3459 a multiple of 11?
False
Does 2 divide 352?
True
Is 15 a factor of 9996?
False
Does 10 divide 4930?
True
Is 156 a factor of 22932?
True
Is 763 a multiple of 109?
True
Is 2 a factor of 18564?
True
Is 656 a multiple of 52?
False
Does 19 divide 2935?
False
Is 19 a factor of 7334?
True
Is 14 a factor of 341?
False
Is 28 a factor of 16686?
False
Is 2318 a multiple of 68?
False
Is 16 a factor of 149?
False
Does 14 divide 6765?
False
Is 7909 a multiple of 10?
False
Is 153 a factor of 5381?
False
Is 4 a factor of 45?
False
Does 61 divide 1268?
False
Is 40 a factor of 1333?
False
Is 26 a factor of 4082?
True
Is 155 a multiple of 5?
True
Does 117 divide 11466?
True
Does 36 divide 70778?
False
Does 15 divide 1001?
False
Is 59 a factor of 1180?
True
Is 32 a factor of 1984?
True
Does 135 divide 5265?
True
Is 18 a factor of 23556?
False
Is 222 a multiple of 13?
False
Does 73 divide 4161?
True
Is 3960 a multiple of 3?
True
Is 58 a factor of 8952?
False
Does 12 divide 1476?
True
Is 6042 a multiple of 159?
True
Does 9 divide 261?
True
Is 15 a factor of 113?
False
Does 9 divide 4977?
True
Is 40 a factor of 73320?
True
Does 3 divide 6020?
False
Is 25 a factor of 98043?
False
Does 34 divide 306?
True
Does 8 divide 128?
True
Does 25 divide 5875?
True
Is 140 a factor of 3587?
False
Does 123 divide 64329?
True
Is 54 a factor of 594?
True
Does 31 divide 6045?
True
Is 105 a factor of 4926?
False
Is 13 a factor of 7436?
True
Does 20 divide 220?
True
Is 863 a multiple of 4?
False
Does 5 divide 3145?
True
Is 39 a factor of 663?
True
Is 6 a factor of 9378?
True
Is 12 a factor of 2476?
False
Is 11 a factor of 812?
False
Is 2085 a multiple of 26?
False
Is 39 a factor of 4210?
False
Is 62 a factor of 9681?
False
Is 226 even?
True
Does 32 divide 15520?
True
Does 3 divide 939?
True
Is 1357 a multiple of 31?
False
Is 3567 a multiple of 123?
True
Is 4 a factor of 824?
True
Does 6 divide 348?
True
Is 6 a factor of 156?
True
Is 27 a factor of 432?
True
Is 28 a factor of 6972?
True
Is 1783 a multiple of 25?
False
Is 4920 a multiple of 120?
True
Is 1819 a multiple of 107?
True
Does 214 divide 49779?
False
Does 42 divide 10893?
False
Is 3 a factor of 2058?
True
Does 6 divide 3702?
True
Is 95 a factor of 1145?
False
Is 598 a multiple of 20?
False
Does 59 divide 18044?
False
Is 84 a factor of 3106?
False
Is 151 a factor of 1510?
True
Does 69 divide 5728?
False
Is 145 a factor of 18995?
True
Does 85 divide 14020?
False
Is 52 a factor of 5959?
False
Is 12116 a multiple of 52?
True
Is 17 a factor of 14314?
True
Is 11650 a multiple of 31?
False
Is 71 a factor of 568?
True
Is 72 a factor of 8264?
False
Is 33102 a multiple of 36?
False
Does 9 divide 10080?
True
Is 38 a factor of 854?
False
Is 531 a multiple of 5?
False
Is 462 a multiple of 21?
True
Does 3 divide 210?
True
Is 17 a factor of 1955?
True
Does 2 divide 30?
True
Is 2508 a multiple of 110?
False
Does 23 divide 1880?
False
Is 1304 a multiple of 10?
False
Is 3495 a multiple of 22?
False
Is 103 a factor of 1030?
True
Is 2 a factor of 1217?
False
Does 37 divide 24321?
False
Is 1723 a multiple of 7?
False
Is 6592 a multiple of 16?
True
Is 17480 a multiple of 76?
True
Does 67 divide 6767?
True
Is 69 a factor of 414?
True
Does 3 divide 174?
True
Is 11 a factor of 257?
False
Is 18 a factor of 473?
False
Is 5 a factor of 186?
False
Is 11 a factor of 94?
False
Is 123 a multiple of 26?
False
Is 16293 a multiple of 336?
False
Does 42 divide 21588?
True
Is 169 a factor of 64220?
True
Is 12 a factor of 23640?
True
Does 77 divide 14299?
False
Is 6642 a multiple of 246?
True
Is 228 a multiple of 12?
True
Is 18458 a multiple of 11?
True
Is 5338 a multiple of 314?
True
Is 7 a factor of 203?
True
Does 5 divide 6248?
False
Is 41 a factor of 114?
False
Is 2856 a multiple of 41?
False
Is 1819 a multiple of 35?
False
Is 3 a factor of 712?
False
Is 3900 a multiple of 20?
True
Is 7581 a multiple of 14?
False
Does 102 divide 13668?
True
Does 35 divide 21744?
False
Is 40917 a multiple of 99?
False
Does 7 divide 1345?
False
Is 4180 a multiple of 11?
True
Is 16950 a multiple of 30?
True
Is 61 a factor of 793?
True
Is 16 a factor of 5776?
True
Is 69 a factor of 1756?
False
Is 13 a factor of 1872?
True
Does 133 divide 34713?
True
Does 18 divide 12690?
True
Does 26 divide 650?
True
Is 8 a factor of 288?
True
Is 64 a factor of 1536?
True
Does 130 divide 7150?
True
Is 1846 a multiple of 71?
True
Is 2128 a multiple of 16?
True
Is 140 a multiple of 20?
True
Does 36 divide 611?
False
Does 62 divide 1798?
True
Does 5 divide 15670?
True
Is 45 a multiple of 6?
False
Is 866 a multiple of 18?
False
Does 2 divide 369?
False
Is 12127 a multiple of 